 872 = -v*o. What is the hundreds digit of o?
1
Let n = 1430 + -527. What is the hundreds digit of n?
9
Suppose -5*f - 5*s + 5 = 0, 0*f - 4*s = 3*f - 2. Suppose 0 = 2*d + 14 - f. What is the units digit of (-200)/d + 2/3?
4
Suppose -2*a + 18 = -2*j, -5*j + j - 34 = -3*a. Let c(w) = -8*w + 3. What is the units digit of c(j)?
9
Let u = 831 - 571. What is the hundreds digit of u?
2
Suppose 329*a = 334*a - 915. What is the units digit of a?
3
Let g be -758*(-5)/(-10)*-1. Suppose 2*c + 105 - g = 0. What is the units digit of c?
7
Suppose -13 = 7*w + 1. What is the units digit of (-47)/(-7) + w/(-7)?
7
What is the tens digit of (3 - 5)*8/((-224)/22750)?
2
What is the tens digit of 2 - (-1 - 880/(2 - -2))?
2
Suppose 4*o - y - 4 = 1, 5*y + 25 = 5*o. Let i(r) = o*r + 12 + 3*r + 0 + 7. What is the tens digit of i(12)?
5
Let q = 2 + 0. Let t be q/(-4) + (-156)/(-8). What is the units digit of (0 - 3 - 0) + t?
6
Let x(h) = 402*h + 64. What is the hundreds digit of x(2)?
8
What is the units digit of (-65)/(-325) - (1468/(-5))/2?
7
Let o = -41 + 20. Let j be ((-14)/o)/(1/9). What is the tens digit of (2 + -4)*(-81)/j?
2
Suppose -1083 = 12*n - 15*n. Suppose -6*t = -4*t - 2*x - 146, 5*t - n = 3*x. What is the tens digit of t?
7
Let p be ((-176)/3)/((-17)/51). Let b = p + -247. Let g = -41 - b. What is the tens digit of g?
3
Let k(o) = -o + 12. Let u be k(7). Suppose 614 = 5*t + 4*h - 123, 743 = u*t + h. Suppose 2*d + 4*i - t = i, d - 47 = 4*i. What is the units digit of d?
7
Let h(d) be the first derivative of 2*d**3/3 - 5*d**2/2 - 4*d + 4. Let y be h(-4). What is the units digit of (y/9)/(2/3)?
8
What is the units digit of (-216)/36*(1 - (-310)/(-4))?
9
What is the units digit of (7950/(-18) + 11)/((-2)/6)?
2
Let s be ((-12)/(-9))/(5/615). Let y = s - 44. What is the units digit of y?
0
Let b = -954 + 2720. What is the thousands digit of b?
1
Suppose 2*x + 62 = 186. Suppose 57*q - x*q = -40. What is the units digit of q?
8
Suppose 66 = -4*v + 2*c + 18, 3*c + 38 = -5*v. Let q(h) be the second derivative of -h**3/3 - 3*h**2/2 - 18*h - 1. What is the units digit of q(v)?
7
Let s be 80/25*35/2. Suppose 3*c - s = c. Suppose -5*k = -7 - c. What is the units digit of k?
7
Let j(n) be the first derivative of -n**7/60 + n**6/180 + n**5/120 + n**3 - 2. Let f(q) be the third derivative of j(q). What is the tens digit of f(-1)?
1
What is the hundreds digit of ((-5425)/3 - (-13)/39)/(-2)?
9
Let q(c) = -c**3 - 7*c**2 - 7*c - 7. Let v be q(-7). Let p = 23 - v. Let u = p + 52. What is the units digit of u?
3
Let m(o) = 4*o**2 - 23*o + 137. What is the hundreds digit of m(12)?
4
Let p = 681 - 301. What is the hundreds digit of p?
3
Let p = -5 + 11. Suppose -p*c = -5*c - 158. What is the hundreds digit of c?
1
What is the tens digit of (0 - 3)/((-6)/602)?
0
Let t(c) = -13*c**2 + 3*c - 7 - 2*c + 3*c**2 - 9*c**3 + 8*c**2. Let i be t(-3). Suppose 0 = 4*o + 31 - i. What is the units digit of o?
6
Suppose 5*b - 1025 - 725 = 0. What is the units digit of b?
0
Let s(f) = 110*f - 52. What is the tens digit of s(15)?
9
Let f = 45 - -18. Suppose f - 7 = -4*h. Let w = -8 - h. What is the units digit of w?
6
Suppose -3*z + 452 = -l, 698 = 5*z - 3*l - 50. What is the tens digit of z?
5
Suppose 4*p + 2*b - 8466 = 0, -24*p + 21*p + 6347 = b. What is the units digit of p?
4
Let f(z) = 141*z + 171. What is the hundreds digit of f(6)?
0
Suppose -2*f + 6*j - 11*j + 26 = 0, 0 = -2*f + 3*j + 42. Let z be (-20)/(-6)*6/1. Let x = z - f. What is the units digit of x?
2
Let w(d) = -d**3 + 5*d**2 + 7*d + 1. Let i = 19 - 13. Let f be w(i). Suppose -3 = y - f. What is the units digit of y?
4
Suppose 5*m + 10 = 3*i, 0 = -i + 2*i + 3*m - 8. What is the tens digit of ((-37)/4)/(i/(-20))?
3
Let h = 69 - -61. Let r = 206 - h. What is the tens digit of r?
7
Let f(w) = 7*w**3 + 3*w**2 - 17*w + 5. Let i(x) = 3*x**3 + 2*x**2 - 8*x + 3. Let q(y) = -4*f(y) + 9*i(y). What is the tens digit of q(5)?
1
Suppose -3*i = 6, 2*i = -3*q - 1708 + 8535. What is the hundreds digit of q?
2
Suppose -o - o - 4 = 0. Let m be o - 22/(8/(-4)). Suppose m = 2*b + 7. What is the units digit of b?
1
Let w(i) = -9*i + 6 + i**3 + 3*i**3 - 5*i**2 + 7*i**2. Let z(v) = -7*v**3 - 5*v**2 + 17*v - 11. Let k(y) = -5*w(y) - 3*z(y). What is the units digit of k(-6)?
3
Let y = 2102 + -656. What is the thousands digit of y?
1
Let q(y) = -2*y**3 - 20*y**2 + 72*y + 9. What is the tens digit of q(-14)?
6
Let t(l) = -13*l - 103. What is the units digit of t(-17)?
8
Suppose -3*y + 0*y + 3*g + 24 = 0, -3*g - 30 = -5*y. Let r(n) = -n**3 + 5*n**2 - 4*n. Let c be r(4). Suppose -d - y + 5 = c. What is the units digit of d?
2
Let z(b) = -78*b**3 + 2*b + 1. Let s be z(-1). Let d be (-14)/s + 1654/22. Let i = d - 49. What is the tens digit of i?
2
Let j = 843 + 94. What is the tens digit of j?
3
Suppose 4*n = 618 - 90. Suppose 0 = 7*t + 4*t - n. What is the tens digit of t?
1
Let u be (53/(-4))/((-9)/468). Suppose 5*t - u = -54. Suppose -6*q = -4*q - 3*o - t, 329 = 5*q + 4*o. What is the units digit of q?
5
Let u be 4/8 - (-27)/6. Let a = u + -2. Suppose -a*p + 5*j + 114 = 0, -93 = 2*p - 5*p - 2*j. What is the tens digit of p?
3
Let c = 46 + -41. Suppose 3*r = 5*n - 372, -5*n + c*r + 370 = -0*n. What is the tens digit of n?
7
Let s be -4*(-4)/40*30. Suppose 4*i - s = 4*t, -2*t + 5*i = -t + 23. Suppose 3*l = -t*l + 20. What is the units digit of l?
4
Let r = 12 - 12. Suppose -n + 947 + 1417 = r. What is the tens digit of n/66 - (-2)/11?
3
Let i be ((-28)/12 - -4)*12. Suppose 3*h = 7*h - i. Suppose 4*r - 3*p - 156 = 0, h*p - 16 = -r - 0*p. What is the units digit of r?
6
Let z(q) = q**3 + 11*q**2 + 11*q + 18. Let l be z(-10). Suppose -l*v = -56 - 56. What is the units digit of v?
4
Let p be 6/4*238/51. Let a = p - 4. What is the units digit of 2/a*(89 - 2)?
8
Let b = -10619 - -15660. What is the units digit of b?
1
Let g(f) = f**3 - 21*f**2 - 20*f - 52. Let j be g(22). What is the tens digit of (-2)/3 + (8400/(-9))/j?
1
Let g be (36/(-45))/((-4)/10). Let r = -9 + 15. What is the units digit of g/r - 88/(-6)?
5
Let r(n) = n**3 + 30*n**2 + 62. What is the units digit of r(-18)?
0
Suppose 36 - 4 = 2*q. Suppose 4*y + y - q = d, 4 = -4*d. Suppose 0 = -y*n - 0*n + 2*k + 119, 4*n - 157 = k. What is the tens digit of n?
3
Let f be (2 + 2)/((-4)/(-3)). Suppose 10*u - f = 9*u. What is the units digit of 2 - u - (1 - 3)?
1
Suppose 15170 = 5*x + 16*q - 17*q, -3*q = 5*x - 15170. What is the tens digit of x?
3
Let u(o) = 3*o - 1. Suppose 5*n = -2*t - 32, -4 = n - 0*n. Let r be u(t). Let p = -6 - r. What is the tens digit of p?
1
Suppose -3*c - t = -20, 0*t - 34 = -5*c - 2*t. Suppose 2*f - 3 = 2*r + r, -3*r = f - c. Suppose 5 = x - u, -f*u + 12 = x - 13. What is the tens digit of x?
1
Suppose -2*x + 0 + 4 = 0. Let m(s) = -x + 3*s + 4*s**2 + 6*s**2 + 2*s**2 - 11*s**2. What is the units digit of m(-4)?
2
Suppose 0 = -10*i + 4169 + 2441. What is the units digit of i?
1
Let h = 42 + -40. Suppose 310 = h*q + 2*i, 0*q + i = -2*q + 314. What is the tens digit of q?
5
What is the hundreds digit of (-12901)/(-57) + -3 + (-10)/(-6)?
2
Suppose -2*t = 16 - 82. Suppose 9 = -j - 5*x + t, 2*x - 114 = -4*j. What is the units digit of j?
9
Let j(f) = f**3 + 4*f**2 - f - 5. Let b be j(-4). What is the tens digit of b*11*(-7 + 2)?
5
Suppose 0 = -5*o + 2*a - 4*a + 72, 2*a - 2 = 0. Suppose o*d = 18*d - 8. Suppose d*x - 4*f = 134, 3*f + 60 = 4*x - 203. What is the units digit of x?
5
Let m(v) = v**3 - 5*v**2 - 14*v - 5. Let l be m(7). What is the units digit of (-682)/l - 2/5?
6
What is the tens digit of 9/2*(52/12 - -7)?
5
Let c(f) = -25*f**2 + 1. Let b be c(-1). Let n be (b/10)/((-8)/60). Suppose 6 = -x + 3*w + n, -5*x = 3*w - 24. What is the units digit of x?
6
Suppose -33*l + 32*l + 390 = 0. What is the hundreds digit of l?
3
Let x = 915 + -310. Suppose 5*m = 5*h - x, -2*m - m + 484 = 4*h. What is the hundreds digit of h?
1
Let a = 813 - 292. What is the tens digit of a?
2
Suppose -2*v + 5*v = 15. Let p(s) = -s**2 + 8*s + 10. What is the tens digit of p(v)?
2
Let t be (-1 - 8)*(-16)/12. Let w = 2 + t. What is the units digit of (48/w)/((-4)/(-28))?
4
Let s(v) = -v**3 - 3*v**2 - 3*v - 9. Let u be s(-3). Suppose u = -5*q - 5*z + 370, 4*q - 296 = z - 6*z. What is the units digit of q?
4
Let d(